{"id":512,"date":"2023-03-22T13:10:37","date_gmt":"2023-03-22T12:10:37","guid":{"rendered":"https:\/\/arinformatique.com\/?page_id=512"},"modified":"2023-04-13T13:54:31","modified_gmt":"2023-04-13T11:54:31","slug":"appreciations","status":"publish","type":"page","link":"https:\/\/arinformatique.com\/index.php\/appreciations\/","title":{"rendered":"Appr\u00e9ciations"},"content":{"rendered":"<p>[et_pb_section fb_built=\u00a0\u00bb1&Prime; _builder_version=\u00a0\u00bb4.19.5&Prime; _module_preset=\u00a0\u00bbdefault\u00a0\u00bb background_image=\u00a0\u00bbhttps:\/\/arinformatique.com\/wp-content\/uploads\/2022\/12\/keyboard-ga682fe534_1920.jpg\u00a0\u00bb custom_padding=\u00a0\u00bb140px||140px|||\u00a0\u00bb global_colors_info=\u00a0\u00bb{}\u00a0\u00bb][et_pb_row _builder_version=\u00a0\u00bb4.19.5&Prime; _module_preset=\u00a0\u00bbdefault\u00a0\u00bb global_colors_info=\u00a0\u00bb{}\u00a0\u00bb][et_pb_column type=\u00a0\u00bb4_4&Prime; _builder_version=\u00a0\u00bb4.19.5&Prime; _module_preset=\u00a0\u00bbdefault\u00a0\u00bb global_colors_info=\u00a0\u00bb{}\u00a0\u00bb][et_pb_text _builder_version=\u00a0\u00bb4.19.5&Prime; _module_preset=\u00a0\u00bbdefault\u00a0\u00bb text_text_color=\u00a0\u00bb#FFFFFF\u00a0\u00bb text_font_size=\u00a0\u00bb72px\u00a0\u00bb global_colors_info=\u00a0\u00bb{}\u00a0\u00bb]<\/p>\n<p style=\"text-align: center;\">Appr\u00e9ciations<\/p>\n<p>[\/et_pb_text][\/et_pb_column][\/et_pb_row][\/et_pb_section][et_pb_section fb_built=\u00a0\u00bb1&Prime; _builder_version=\u00a0\u00bb4.19.5&Prime; _module_preset=\u00a0\u00bbdefault\u00a0\u00bb custom_padding=\u00a0\u00bb||26px|||\u00a0\u00bb global_colors_info=\u00a0\u00bb{}\u00a0\u00bb][et_pb_row _builder_version=\u00a0\u00bb4.19.5&Prime; _module_preset=\u00a0\u00bbdefault\u00a0\u00bb global_colors_info=\u00a0\u00bb{}\u00a0\u00bb][et_pb_column type=\u00a0\u00bb4_4&Prime; _builder_version=\u00a0\u00bb4.19.5&Prime; _module_preset=\u00a0\u00bbdefault\u00a0\u00bb global_colors_info=\u00a0\u00bb{}\u00a0\u00bb][et_pb_text _builder_version=\u00a0\u00bb4.19.5&Prime; _module_preset=\u00a0\u00bbdefault\u00a0\u00bb text_font_size=\u00a0\u00bb16px\u00a0\u00bb global_colors_info=\u00a0\u00bb{}\u00a0\u00bb]<\/p>\n<p style=\"text-align: center;\">Nous mettons en \u0153uvre des questionnaires de satisfaction dans le but de recueillir les appr\u00e9ciations des<br \/>apprenants, des formateurs, des employeurs et des organismes financeurs afin de r\u00e9pondre aux attentes de nos<br \/>clients et ce afin d\u2019\u00eatre et de rester dans une d\u00e9marche qualit\u00e9 et d\u2019am\u00e9lioration continue.<\/p>\n<p>[\/et_pb_text][\/et_pb_column][\/et_pb_row][\/et_pb_section][et_pb_section fb_built=\u00a0\u00bb1&Prime; _builder_version=\u00a0\u00bb4.19.5&Prime; _module_preset=\u00a0\u00bbdefault\u00a0\u00bb custom_padding=\u00a0\u00bb0px|||||\u00a0\u00bb global_colors_info=\u00a0\u00bb{}\u00a0\u00bb][et_pb_row column_structure=\u00a0\u00bb1_5,1_5,1_5,1_5,1_5&Prime; _builder_version=\u00a0\u00bb4.19.5&Prime; _module_preset=\u00a0\u00bbdefault\u00a0\u00bb width=\u00a0\u00bb90%\u00a0\u00bb max_width=\u00a0\u00bb90%\u00a0\u00bb global_colors_info=\u00a0\u00bb{}\u00a0\u00bb][et_pb_column type=\u00a0\u00bb1_5&Prime; _builder_version=\u00a0\u00bb4.19.5&Prime; _module_preset=\u00a0\u00bbdefault\u00a0\u00bb global_colors_info=\u00a0\u00bb{}\u00a0\u00bb][et_pb_button button_text=\u00a0\u00bbQUESTIONNAIRE APPRENANT \u00e0 chaud\u00a0\u00bb _builder_version=\u00a0\u00bb4.19.5&Prime; _module_preset=\u00a0\u00bbdefault\u00a0\u00bb custom_button=\u00a0\u00bbon\u00a0\u00bb button_text_size=\u00a0\u00bb12px\u00a0\u00bb button_text_color=\u00a0\u00bb#FFFFFF\u00a0\u00bb button_bg_color=\u00a0\u00bb#c60900&Prime; button_border_width=\u00a0\u00bb0px\u00a0\u00bb button_border_color=\u00a0\u00bb#ffffff\u00a0\u00bb button_border_radius=\u00a0\u00bb0px\u00a0\u00bb button_font=\u00a0\u00bbOverpass|800||||on|||\u00a0\u00bb background_layout=\u00a0\u00bbdark\u00a0\u00bb custom_margin=\u00a0\u00bb||||false|false\u00a0\u00bb custom_padding=\u00a0\u00bb10px||10px||true|false\u00a0\u00bb hover_enabled=\u00a0\u00bb0&Prime; global_colors_info=\u00a0\u00bb{}\u00a0\u00bb button_url=\u00a0\u00bb\/wp-content\/uploads\/2023\/04\/questionnaire-de-satisfaction-a-chaud-AR-Informatique.pdf\u00a0\u00bb sticky_enabled=\u00a0\u00bb0&Prime; box_shadow_style=\u00a0\u00bbpreset2&Prime;][\/et_pb_button][\/et_pb_column][et_pb_column type=\u00a0\u00bb1_5&Prime; _builder_version=\u00a0\u00bb4.19.5&Prime; _module_preset=\u00a0\u00bbdefault\u00a0\u00bb global_colors_info=\u00a0\u00bb{}\u00a0\u00bb][et_pb_button button_text=\u00a0\u00bbQUESTIONNAIRE APPRENANT \u00e0 froid\u00a0\u00bb _builder_version=\u00a0\u00bb4.19.5&Prime; _module_preset=\u00a0\u00bbdefault\u00a0\u00bb custom_button=\u00a0\u00bbon\u00a0\u00bb button_text_size=\u00a0\u00bb12px\u00a0\u00bb button_text_color=\u00a0\u00bb#FFFFFF\u00a0\u00bb button_bg_color=\u00a0\u00bb#c60900&Prime; button_border_width=\u00a0\u00bb0px\u00a0\u00bb button_border_color=\u00a0\u00bb#ffffff\u00a0\u00bb button_border_radius=\u00a0\u00bb0px\u00a0\u00bb button_font=\u00a0\u00bbOverpass|800||||on|||\u00a0\u00bb background_layout=\u00a0\u00bbdark\u00a0\u00bb custom_margin=\u00a0\u00bb||||false|false\u00a0\u00bb custom_padding=\u00a0\u00bb10px||10px||true|false\u00a0\u00bb hover_enabled=\u00a0\u00bb0&Prime; global_colors_info=\u00a0\u00bb{}\u00a0\u00bb button_url=\u00a0\u00bb\/wp-content\/uploads\/2023\/04\/questionnaire-de-satisfaction-a-froid-AR-Informatique.pdf\u00a0\u00bb sticky_enabled=\u00a0\u00bb0&Prime; box_shadow_style=\u00a0\u00bbpreset1&Prime;][\/et_pb_button][\/et_pb_column][et_pb_column type=\u00a0\u00bb1_5&Prime; _builder_version=\u00a0\u00bb4.19.5&Prime; _module_preset=\u00a0\u00bbdefault\u00a0\u00bb global_colors_info=\u00a0\u00bb{}\u00a0\u00bb][et_pb_button button_text=\u00a0\u00bbQUESTIONNAIRE EMPLOYEUR\u00a0\u00bb _builder_version=\u00a0\u00bb4.19.5&Prime; _module_preset=\u00a0\u00bbdefault\u00a0\u00bb custom_button=\u00a0\u00bbon\u00a0\u00bb button_text_size=\u00a0\u00bb12px\u00a0\u00bb button_text_color=\u00a0\u00bb#FFFFFF\u00a0\u00bb button_bg_color=\u00a0\u00bb#c60900&Prime; button_border_width=\u00a0\u00bb0px\u00a0\u00bb button_border_color=\u00a0\u00bb#ffffff\u00a0\u00bb button_border_radius=\u00a0\u00bb0px\u00a0\u00bb button_font=\u00a0\u00bbOverpass|800|||||||\u00a0\u00bb background_layout=\u00a0\u00bbdark\u00a0\u00bb custom_margin=\u00a0\u00bb||||false|false\u00a0\u00bb custom_padding=\u00a0\u00bb10px||10px||true|false\u00a0\u00bb hover_enabled=\u00a0\u00bb0&Prime; global_colors_info=\u00a0\u00bb{}\u00a0\u00bb button_url=\u00a0\u00bb\/wp-content\/uploads\/2023\/04\/questionnaire-de-satisfaction-Employeur-AR-Informatique.pdf\u00a0\u00bb sticky_enabled=\u00a0\u00bb0&Prime; box_shadow_style=\u00a0\u00bbpreset1&Prime;][\/et_pb_button][\/et_pb_column][et_pb_column type=\u00a0\u00bb1_5&Prime; _builder_version=\u00a0\u00bb4.19.5&Prime; _module_preset=\u00a0\u00bbdefault\u00a0\u00bb global_colors_info=\u00a0\u00bb{}\u00a0\u00bb][et_pb_button button_text=\u00a0\u00bbQUESTIONNAIRE FINANCEUR\u00a0\u00bb _builder_version=\u00a0\u00bb4.19.5&Prime; _module_preset=\u00a0\u00bbdefault\u00a0\u00bb custom_button=\u00a0\u00bbon\u00a0\u00bb button_text_size=\u00a0\u00bb12px\u00a0\u00bb button_text_color=\u00a0\u00bb#FFFFFF\u00a0\u00bb button_bg_color=\u00a0\u00bb#c60900&Prime; button_border_width=\u00a0\u00bb0px\u00a0\u00bb button_border_color=\u00a0\u00bb#ffffff\u00a0\u00bb button_border_radius=\u00a0\u00bb0px\u00a0\u00bb button_font=\u00a0\u00bbOverpass|800|||||||\u00a0\u00bb background_layout=\u00a0\u00bbdark\u00a0\u00bb custom_margin=\u00a0\u00bb||||false|false\u00a0\u00bb custom_padding=\u00a0\u00bb10px||10px||true|false\u00a0\u00bb hover_enabled=\u00a0\u00bb0&Prime; global_colors_info=\u00a0\u00bb{}\u00a0\u00bb button_url=\u00a0\u00bb\/wp-content\/uploads\/2023\/04\/questionnaire-de-satisfaction-Financeurs-AR-Informatique.pdf\u00a0\u00bb sticky_enabled=\u00a0\u00bb0&Prime; box_shadow_style=\u00a0\u00bbpreset1&Prime;][\/et_pb_button][\/et_pb_column][et_pb_column type=\u00a0\u00bb1_5&Prime; _builder_version=\u00a0\u00bb4.19.5&Prime; _module_preset=\u00a0\u00bbdefault\u00a0\u00bb global_colors_info=\u00a0\u00bb{}\u00a0\u00bb][et_pb_button button_text=\u00a0\u00bbQUESTIONNAIRE FORMATEUR\u00a0\u00bb _builder_version=\u00a0\u00bb4.19.5&Prime; _module_preset=\u00a0\u00bbdefault\u00a0\u00bb custom_button=\u00a0\u00bbon\u00a0\u00bb button_text_size=\u00a0\u00bb12px\u00a0\u00bb button_text_color=\u00a0\u00bb#FFFFFF\u00a0\u00bb button_bg_color=\u00a0\u00bb#c60900&Prime; button_border_width=\u00a0\u00bb0px\u00a0\u00bb button_border_color=\u00a0\u00bb#ffffff\u00a0\u00bb button_border_radius=\u00a0\u00bb0px\u00a0\u00bb button_font=\u00a0\u00bbOverpass|800|||||||\u00a0\u00bb background_layout=\u00a0\u00bbdark\u00a0\u00bb custom_margin=\u00a0\u00bb||||false|false\u00a0\u00bb custom_padding=\u00a0\u00bb10px||10px||true|false\u00a0\u00bb hover_enabled=\u00a0\u00bb0&Prime; global_colors_info=\u00a0\u00bb{}\u00a0\u00bb button_url=\u00a0\u00bb\/wp-content\/uploads\/2023\/04\/questionnaire-formateur-AR-Informatique.pdf\u00a0\u00bb sticky_enabled=\u00a0\u00bb0&Prime; box_shadow_style=\u00a0\u00bbpreset1&Prime;][\/et_pb_button][\/et_pb_column][\/et_pb_row][\/et_pb_section]<\/p>\n","protected":false},"excerpt":{"rendered":"<p>Appr\u00e9ciationsNous mettons en \u0153uvre des questionnaires de satisfaction dans le but de recueillir les appr\u00e9ciations desapprenants, des formateurs, des employeurs et des organismes financeurs afin de r\u00e9pondre aux attentes de nosclients et ce afin d\u2019\u00eatre et de rester dans une d\u00e9marche qualit\u00e9 et d\u2019am\u00e9lioration continue.<\/p>\n","protected":false},"author":1,"featured_media":0,"parent":0,"menu_order":0,"comment_status":"closed","ping_status":"closed","template":"","meta":{"_et_pb_use_builder":"on","_et_pb_old_content":"","_et_gb_content_width":"","footnotes":""},"class_list":["post-512","page","type-page","status-publish","hentry"],"yoast_head":"<!-- This site is optimized with the Yoast SEO plugin v27.4 - https:\/\/yoast.com\/product\/yoast-seo-wordpress\/ -->\n<title>Appr\u00e9ciations - AR Informatique<\/title>\n<meta name=\"robots\" content=\"index, follow, max-snippet:-1, max-image-preview:large, max-video-preview:-1\" \/>\n<link rel=\"canonical\" href=\"https:\/\/arinformatique.com\/index.php\/appreciations\/\" \/>\n<meta property=\"og:locale\" content=\"fr_FR\" \/>\n<meta property=\"og:type\" content=\"article\" \/>\n<meta property=\"og:title\" content=\"Appr\u00e9ciations - AR Informatique\" \/>\n<meta property=\"og:description\" content=\"Appr\u00e9ciationsNous mettons en \u0153uvre des questionnaires de satisfaction dans le but de recueillir les appr\u00e9ciations desapprenants, des formateurs, des employeurs et des organismes financeurs afin de r\u00e9pondre aux attentes de nosclients et ce afin d\u2019\u00eatre et de rester dans une d\u00e9marche qualit\u00e9 et d\u2019am\u00e9lioration continue.\" \/>\n<meta property=\"og:url\" content=\"https:\/\/arinformatique.com\/index.php\/appreciations\/\" \/>\n<meta property=\"og:site_name\" content=\"AR Informatique\" \/>\n<meta property=\"article:modified_time\" content=\"2023-04-13T11:54:31+00:00\" \/>\n<meta property=\"og:image\" content=\"https:\/\/arinformatique.com\/wp-content\/uploads\/2022\/12\/logo-AR-Informatique-F-1-removebg-preview-1.png\" \/>\n\t<meta property=\"og:image:width\" content=\"355\" \/>\n\t<meta property=\"og:image:height\" content=\"150\" \/>\n\t<meta property=\"og:image:type\" content=\"image\/png\" \/>\n<meta name=\"twitter:card\" content=\"summary_large_image\" \/>\n<meta name=\"twitter:label1\" content=\"Dur\u00e9e de lecture estim\u00e9e\" \/>\n\t<meta name=\"twitter:data1\" content=\"3 minutes\" \/>\n<script type=\"application\/ld+json\" class=\"yoast-schema-graph\">{\"@context\":\"https:\\\/\\\/schema.org\",\"@graph\":[{\"@type\":\"WebPage\",\"@id\":\"https:\\\/\\\/arinformatique.com\\\/index.php\\\/appreciations\\\/\",\"url\":\"https:\\\/\\\/arinformatique.com\\\/index.php\\\/appreciations\\\/\",\"name\":\"Appr\u00e9ciations - AR Informatique\",\"isPartOf\":{\"@id\":\"https:\\\/\\\/arinformatique.com\\\/#website\"},\"datePublished\":\"2023-03-22T12:10:37+00:00\",\"dateModified\":\"2023-04-13T11:54:31+00:00\",\"breadcrumb\":{\"@id\":\"https:\\\/\\\/arinformatique.com\\\/index.php\\\/appreciations\\\/#breadcrumb\"},\"inLanguage\":\"fr-FR\",\"potentialAction\":[{\"@type\":\"ReadAction\",\"target\":[\"https:\\\/\\\/arinformatique.com\\\/index.php\\\/appreciations\\\/\"]}]},{\"@type\":\"BreadcrumbList\",\"@id\":\"https:\\\/\\\/arinformatique.com\\\/index.php\\\/appreciations\\\/#breadcrumb\",\"itemListElement\":[{\"@type\":\"ListItem\",\"position\":1,\"name\":\"Accueil\",\"item\":\"https:\\\/\\\/arinformatique.com\\\/\"},{\"@type\":\"ListItem\",\"position\":2,\"name\":\"Appr\u00e9ciations\"}]},{\"@type\":\"WebSite\",\"@id\":\"https:\\\/\\\/arinformatique.com\\\/#website\",\"url\":\"https:\\\/\\\/arinformatique.com\\\/\",\"name\":\"AR Informatique\",\"description\":\"Formations,  d\u00e9pannage, conseils et assistance informatique \u00e0 Ostwald.\",\"publisher\":{\"@id\":\"https:\\\/\\\/arinformatique.com\\\/#organization\"},\"potentialAction\":[{\"@type\":\"SearchAction\",\"target\":{\"@type\":\"EntryPoint\",\"urlTemplate\":\"https:\\\/\\\/arinformatique.com\\\/?s={search_term_string}\"},\"query-input\":{\"@type\":\"PropertyValueSpecification\",\"valueRequired\":true,\"valueName\":\"search_term_string\"}}],\"inLanguage\":\"fr-FR\"},{\"@type\":\"Organization\",\"@id\":\"https:\\\/\\\/arinformatique.com\\\/#organization\",\"name\":\"AR Informatique\",\"url\":\"https:\\\/\\\/arinformatique.com\\\/\",\"logo\":{\"@type\":\"ImageObject\",\"inLanguage\":\"fr-FR\",\"@id\":\"https:\\\/\\\/arinformatique.com\\\/#\\\/schema\\\/logo\\\/image\\\/\",\"url\":\"https:\\\/\\\/arinformatique.com\\\/wp-content\\\/uploads\\\/2022\\\/12\\\/logo-AR-Informatique-F-1-removebg-preview.png\",\"contentUrl\":\"https:\\\/\\\/arinformatique.com\\\/wp-content\\\/uploads\\\/2022\\\/12\\\/logo-AR-Informatique-F-1-removebg-preview.png\",\"width\":695,\"height\":293,\"caption\":\"AR Informatique\"},\"image\":{\"@id\":\"https:\\\/\\\/arinformatique.com\\\/#\\\/schema\\\/logo\\\/image\\\/\"}}]}<\/script>\n<!-- \/ Yoast SEO plugin. -->","yoast_head_json":{"title":"Appr\u00e9ciations - AR Informatique","robots":{"index":"index","follow":"follow","max-snippet":"max-snippet:-1","max-image-preview":"max-image-preview:large","max-video-preview":"max-video-preview:-1"},"canonical":"https:\/\/arinformatique.com\/index.php\/appreciations\/","og_locale":"fr_FR","og_type":"article","og_title":"Appr\u00e9ciations - AR Informatique","og_description":"Appr\u00e9ciationsNous mettons en \u0153uvre des questionnaires de satisfaction dans le but de recueillir les appr\u00e9ciations desapprenants, des formateurs, des employeurs et des organismes financeurs afin de r\u00e9pondre aux attentes de nosclients et ce afin d\u2019\u00eatre et de rester dans une d\u00e9marche qualit\u00e9 et d\u2019am\u00e9lioration continue.","og_url":"https:\/\/arinformatique.com\/index.php\/appreciations\/","og_site_name":"AR Informatique","article_modified_time":"2023-04-13T11:54:31+00:00","og_image":[{"width":355,"height":150,"url":"https:\/\/arinformatique.com\/wp-content\/uploads\/2022\/12\/logo-AR-Informatique-F-1-removebg-preview-1.png","type":"image\/png"}],"twitter_card":"summary_large_image","twitter_misc":{"Dur\u00e9e de lecture estim\u00e9e":"3 minutes"},"schema":{"@context":"https:\/\/schema.org","@graph":[{"@type":"WebPage","@id":"https:\/\/arinformatique.com\/index.php\/appreciations\/","url":"https:\/\/arinformatique.com\/index.php\/appreciations\/","name":"Appr\u00e9ciations - AR Informatique","isPartOf":{"@id":"https:\/\/arinformatique.com\/#website"},"datePublished":"2023-03-22T12:10:37+00:00","dateModified":"2023-04-13T11:54:31+00:00","breadcrumb":{"@id":"https:\/\/arinformatique.com\/index.php\/appreciations\/#breadcrumb"},"inLanguage":"fr-FR","potentialAction":[{"@type":"ReadAction","target":["https:\/\/arinformatique.com\/index.php\/appreciations\/"]}]},{"@type":"BreadcrumbList","@id":"https:\/\/arinformatique.com\/index.php\/appreciations\/#breadcrumb","itemListElement":[{"@type":"ListItem","position":1,"name":"Accueil","item":"https:\/\/arinformatique.com\/"},{"@type":"ListItem","position":2,"name":"Appr\u00e9ciations"}]},{"@type":"WebSite","@id":"https:\/\/arinformatique.com\/#website","url":"https:\/\/arinformatique.com\/","name":"AR Informatique","description":"Formations,  d\u00e9pannage, conseils et assistance informatique \u00e0 Ostwald.","publisher":{"@id":"https:\/\/arinformatique.com\/#organization"},"potentialAction":[{"@type":"SearchAction","target":{"@type":"EntryPoint","urlTemplate":"https:\/\/arinformatique.com\/?s={search_term_string}"},"query-input":{"@type":"PropertyValueSpecification","valueRequired":true,"valueName":"search_term_string"}}],"inLanguage":"fr-FR"},{"@type":"Organization","@id":"https:\/\/arinformatique.com\/#organization","name":"AR Informatique","url":"https:\/\/arinformatique.com\/","logo":{"@type":"ImageObject","inLanguage":"fr-FR","@id":"https:\/\/arinformatique.com\/#\/schema\/logo\/image\/","url":"https:\/\/arinformatique.com\/wp-content\/uploads\/2022\/12\/logo-AR-Informatique-F-1-removebg-preview.png","contentUrl":"https:\/\/arinformatique.com\/wp-content\/uploads\/2022\/12\/logo-AR-Informatique-F-1-removebg-preview.png","width":695,"height":293,"caption":"AR Informatique"},"image":{"@id":"https:\/\/arinformatique.com\/#\/schema\/logo\/image\/"}}]}},"_links":{"self":[{"href":"https:\/\/arinformatique.com\/index.php\/wp-json\/wp\/v2\/pages\/512","targetHints":{"allow":["GET"]}}],"collection":[{"href":"https:\/\/arinformatique.com\/index.php\/wp-json\/wp\/v2\/pages"}],"about":[{"href":"https:\/\/arinformatique.com\/index.php\/wp-json\/wp\/v2\/types\/page"}],"author":[{"embeddable":true,"href":"https:\/\/arinformatique.com\/index.php\/wp-json\/wp\/v2\/users\/1"}],"replies":[{"embeddable":true,"href":"https:\/\/arinformatique.com\/index.php\/wp-json\/wp\/v2\/comments?post=512"}],"version-history":[{"count":9,"href":"https:\/\/arinformatique.com\/index.php\/wp-json\/wp\/v2\/pages\/512\/revisions"}],"predecessor-version":[{"id":538,"href":"https:\/\/arinformatique.com\/index.php\/wp-json\/wp\/v2\/pages\/512\/revisions\/538"}],"wp:attachment":[{"href":"https:\/\/arinformatique.com\/index.php\/wp-json\/wp\/v2\/media?parent=512"}],"curies":[{"name":"wp","href":"https:\/\/api.w.org\/{rel}","templated":true}]}}